atest common factor of 18 and 68844144?
6
What is the greatest common divisor of 430 and 31695085?
215
What is the highest common factor of 16660 and 94360?
140
Calculate the greatest common divisor of 14100225 and 7650.
1275
Calculate the greatest common divisor of 28 and 899052252.
28
Calculate the greatest common factor of 24360 and 62405.
35
What is the greatest common divisor of 13 and 1041692054?
13
Calculate the highest common factor of 7973891 and 15449.
2207
Calculate the highest common divisor of 11029328 and 258.
86
Calculate the greatest common factor of 1182864 and 228912.
912
Calculate the highest common divisor of 61567472 and 5892.
1964
What is the greatest common divisor of 11741070 and 44?
22
Calculate the greatest common divisor of 10348079 and 1519.
217
Calculate the greatest common divisor of 20 and 216621980.
20
Calculate the highest common divisor of 21005676 and 16524.
1836
Calculate the greatest common factor of 498 and 259686831.
249
Calculate the highest common divisor of 262564 and 3104339.
1601
Calculate the highest common divisor of 214 and 44583262.
214
Calculate the highest common factor of 13500 and 42657000.
1500
Calculate the greatest common factor of 109202160 and 29200.
5840
What is the highest common factor of 2587 and 374900279?
2587
What is the greatest common factor of 6762425 and 150?
25
What is the highest common factor of 211 and 55613?
1
Calculate the highest common divisor of 7 and 432213.
1
Calculate the greatest common divisor of 19166 and 11828530.
518
What is the greatest common divisor of 5353704 and 648?
72
What is the highest common factor of 22024270 and 9695?
1385
What is the greatest common divisor of 1197414 and 576?
18
What is the greatest common divisor of 73840 and 60281840?
5680
Calculate the greatest common divisor of 57252932 and 2332.
2332
What is the highest common divisor of 1045324 and 448?
28
Calculate the highest common divisor of 1044039 and 1587.
69
Calculate the greatest common divisor of 20713 and 7779211.
2959
Calculate the greatest common divisor of 1816 and 374505508.
908
What is the greatest common factor of 51691277 and 25487?
3641
Calculate the highest common factor of 17031000 and 390.
30
What is the greatest common factor of 74245 and 159340?
155
What is the highest common divisor of 17733303 and 18?
9
What is the highest common divisor of 8614655 and 175?
35
Calculate the greatest common divisor of 11030 and 309055085.
5515
What is the highest common factor of 210 and 844302?
6
Calculate the greatest common divisor of 3174968 and 136.
8
Calculate the highest common divisor of 993 and 38707140.
993
What is the highest common divisor of 830 and 65294772?
166
What is the highest common divisor of 760 and 8459560?
760
What is the greatest common factor of 2039 and 15019274?
2039
What is the greatest common factor of 11655 and 204055?
185
Calculate the greatest common factor of 4 and 18937697.
1
Calculate the highest common factor of 1625 and 164411.
13
Calculate the greatest common factor of 453505511 and 446.
223
What is the highest common divisor of 992 and 17798681?
31
What is the greatest common divisor of 6924547 and 5019?
1673
Calculate the greatest common divisor of 9212 and 97118.
98
Calculate the highest common divisor of 1965 and 4809927.
393
Calculate the highest common divisor of 206195 and 34067.
1793
What is the greatest common divisor of 282899 and 20303?
79
What is the greatest common divisor of 268381 and 129961?
769
What is the highest common factor of 45080 and 13340460?
3220
What is the highest common divisor of 14925276 and 216?
108
What is the greatest common factor of 1984 and 1653622336?
1984
Calculate the greatest common divisor of 2647316 and 2576.
28
Calculate the greatest common divisor of 18462734 and 116.
58
Calculate the highest common divisor of 27 and 362585961.
9
What is the greatest common factor of 16870206 and 18555?
3711
Calculate the highest common divisor of 1455 and 17638480.
485
What is the greatest common divisor of 33012 and 266364?
252
What is the highest common divisor of 406 and 22346646?
406
What is the greatest common divisor of 6 and 5551284?
6
Calculate the greatest common divisor of 6836112 and 5220.
1044
Calculate the greatest common divisor of 13135 and 49061.
71
Calculate the greatest common divisor of 14 and 153842234.
14
What is the greatest common factor of 2037 and 999474?
21
What is the greatest common factor of 71723827 and 1289?
1289
Calculate the highest common factor of 548708272 and 15920.
3184
Calculate the greatest common divisor of 9722656 and 203.
29
What is the highest common divisor of 2 and 32435086?
2
What is the highest common factor of 28650 and 6121932?
1146
What is the greatest common divisor of 4811 and 721599?
17
Calculate the greatest common divisor of 3876 and 4128450.
102
Calculate the highest common divisor of 1269 and 1014875559.
423
Calculate the greatest common factor of 216326579 and 15078.
2513
What is the greatest common factor of 531223 and 11781?
77
What is the highest common factor of 11571 and 10382493?
1653
What is the highest common divisor of 29605666 and 542?
542
Calculate the greatest common divisor of 289670 and 145.
5
Calculate the highest common factor of 138240 and 540.
540
What is the greatest common factor of 62740 and 18348313?
3137
What is the highest common divisor of 398 and 246856913?
199
Calculate the greatest common factor of 50719508 and 230.
46
Calculate the highest common factor of 80159009 and 158.
79
What is the greatest common divisor of 1286832385 and 5?
5
Calculate the highest common factor of 790 and 2750385.
395
What is the highest common factor of 10216 and 181672?
8
What is the greatest common factor of 240119 and 15454406?
2893
What is the highest common divisor of 486 and 330002424?
162
Calculate the highest common factor of 671733 and 366.
3
Calculate the highest common factor of 9 and 9679.
1
Calculate the greatest common factor of 15746675 and 3315.
85
What is the highest common factor of 578385 and 13815?
45
What is the highest common divisor of 13292740 and 260?
20
Calculate the greatest common divisor of 113130 and 2233710.
270
Calculate the greatest common divisor of 282096396 and 72.
36
What is the highest common factor of 64702595 and 170?
85
What is the greatest common factor of 1049190 and 1230?
1230
What is the greatest common factor of 408 and 7183129?
17
Calculate the greatest common factor of 99 and 5440699.
11
What is the greatest common factor of 37288990 and 148370?
4010
Calculate the greatest common divisor of 136 and 169407142.
34
What is the highest common divisor of 202349 and 22194?
137
What is the greatest common factor of 776172 and 93?
3
What is the greatest common factor of 7696744 and 21719?
587
Calculate the greatest common divisor of 12996600 and 400.
200
What is the greatest common factor of 7564 and 98759?
61
What is the greatest common divisor of 739 and 75829529?
739
Calculate the highest common factor of 101540 and 38860.
20
What is the highest common divisor of 227127057 and 3?
3
Calculate the highest common factor of 6593 and 100861449.
347
What is the greatest common factor of 110 and 33375155?
55
Calculate the greatest common divisor of 1546732 and 91036.
44
Calculate the highest common divisor of 60996684 and 1592.
796
Calculate the greatest common divisor of 60471 and 9279.
9
Calculate the greatest common factor of 11128 and 2617862.
2782
What is the greatest common factor of 113904 and 11067?
21
Calculate the greatest common factor of 15691 and 396838.
13
What is the highest common factor of 940 and 113076830?
470
Calculate the highest common divisor of 593136 and 8208.
432
Calculate the highest common divisor of 16971208 and 29058.
334
What is the highest common divisor of 579804 and 3084?
12
Calculate the highest common factor of 5968496 and 1000.
8
What is the greatest common divisor of 1024 and 766016?
64
Calculate the greatest common divisor of 25086 and 694.
2
What is the greatest common factor of 6298 and 40600057?
3149
Calculate the highest common factor of 2904 and 1448630634.
726
What is the highest common factor of 64738632 and 3808?
56
Calculate the highest common factor of 905698 and 1